. Calculate k(6).
-6
Let w(s) = s**2 - 773*s + 142078. Determine w(301).
6
Let g(r) = 2*r**2 + 248*r + 1972. What is g(-114)?
-308
Let d(w) = -24*w - 744. What is d(-36)?
120
Let z(o) = -o**2 + 55*o + 131. Calculate z(55).
131
Let q(l) = -20*l**2 - 133*l - 140. Give q(-5).
25
Let p(y) = -36*y - 372. Determine p(-12).
60
Let v(j) = j**3 - 8*j**2 - 89*j + 71. What is v(14)?
1
Let h(r) = 494*r - 46. Determine h(1).
448
Let r(z) = z**3 - 101*z**2 - 10*z + 850. What is r(101)?
-160
Let f(k) = -535*k - 7972. What is f(-15)?
53
Let c(o) = -2*o**2 + 511*o - 3992. Give c(8).
-32
Let z(r) = -r**2 + 4*r - 5. Determine z(1).
-2
Let p(w) = -w**2 - 71*w - 167. What is p(-71)?
-167
Let m(j) = -j**3 - 64*j**2 + 1091*j - 74. Calculate m(-78).
4
Let f(x) = -x**2 + 10*x + 122. Give f(-6).
26
Let g(o) = -o**3 + 2*o**2 + 294*o + 2. Give g(0).
2
Let x(n) = -5*n**2 + 210*n - 60. What is x(42)?
-60
Let c(h) = 8*h**2 - 16*h + 22. Calculate c(4).
86
Let d(a) = -4*a**3 + 7*a**2 - 17. What is d(4)?
-161
Let x(h) = -3*h**3 + 55*h**2 - 11*h - 126. Determine x(18).
0
Let x(d) = -d**3 - 8*d**2 - 11*d - 56. Determine x(-8).
32
Let d(x) = -2*x**3 - 78*x**2 + 3*x + 83. What is d(-39)?
-34
Let w(y) = -3*y**2 + 44*y - 25. Calculate w(17).
-144
Let l(h) = -2*h**3 + 75*h**2 + 42*h - 164. What is l(38)?
-12
Let g(m) = -m**2 + 12*m + 609. Determine g(-21).
-84
Let c(w) = -w**3 + 35*w**2 + 58*w - 705. Determine c(36).
87
Let v(n) = -41*n + 1210. Determine v(28).
62
Let q(r) = -r**3 + 12*r**2 + 33*r + 57. What is q(13)?
317
Let h(b) = b**3 + 9*b**2 + 35*b. Calculate h(-3).
-51
Let m(r) = 20*r**3 + 5*r**2 - 15*r - 4. Give m(-1).
-4
Let h(x) = 665*x - 64508. Give h(97).
-3
Let j(p) = -55*p**3 + 6*p**2 + 3*p - 3. Calculate j(-1).
55
Let h(i) = i**2 - 3125*i + 9358. Give h(3).
-8
Let l(v) = -515*v + 2577. Calculate l(5).
2
Let x(q) = 2*q**3 - 14*q**2 - 156*q - 19. What is x(13)?
-19
Let w(u) = 50*u**3 + 14*u**2 + 3*u - 11. What is w(-1)?
-50
Let p(y) = -24*y**2 + 8*y - 6. Give p(2).
-86
Let w(o) = o**2 - 106*o + 476. Give w(101).
-29
Let b(l) = -2*l**2 + 71*l + 460. Give b(39).
187
Let o(b) = -132*b - 3702. Calculate o(-28).
-6
Let o(h) = h**3 + 13*h**2 + 31*h + 8. Calculate o(-4).
28
Let c(n) = -520*n - 77. Determine c(-1).
443
Let u(j) = 58*j - 28. Calculate u(0).
-28
Let y(u) = -6*u**2 - 71*u + 167. Calculate y(2).
1
Let u(t) = 130*t + 14. Give u(-4).
-506
Let d(z) = 46*z + 226. Calculate d(-5).
-4
Let q(b) = b**3 - 5*b**2 - 21*b + 18. Calculate q(9).
153
Let u(j) = j**2 + 11*j - 13. Calculate u(-12).
-1
Let t(g) = -12*g**3 + 3*g**2 + 2*g + 1. Calculate t(-2).
105
Let g(y) = -y**3 - 13*y**2 - 7*y - 15. Give g(-13).
76
Let f(h) = -69*h - 170. What is f(-5)?
175
Let p(d) = -151*d**2 + 5438*d - 80. Determine p(36).
-8
Let n(h) = 19*h**2 + 22*h + 30. Give n(-2).
62
Let s(o) = -o**3 + 19*o**2 - 37*o + 2. What is s(6)?
248
Let u(p) = -4*p + 32. Give u(2).
24
Let u(p) = -p**2 + 167*p - 939. Give u(6).
27
Let t(p) = -56*p + 897. Determine t(16).
1
Let w(f) = -229*f**2 + 5*f + 6. Calculate w(-1).
-228
Let o(i) = i**3 - 6*i**2 - 15*i + 15. Determine o(6).
-75
Let r(q) = -14*q**2 + 51*q + 13. Determine r(3).
40
Let z(y) = 11*y**2 - 1306*y + 936. What is z(118)?
-8
Let g(p) = -p**3 - 24*p**2 - 120*p - 25. What is g(-17)?
-8
Let l(f) = 16*f + 439. Give l(-29).
-25
Let t(s) = s**3 + 114*s**2 + 299*s - 3780. Calculate t(-111).
-6
Let y(u) = 102*u - 945. What is y(9)?
-27
Let o(h) = 282*h - 588. Determine o(2).
-24
Let a(j) = -j**3 + 55*j**2 + 60*j - 72. Calculate a(56).
152
Let x(m) = m**3 - 148*m**2 + 115*m + 4707. What is x(147)?
3
Let i(x) = 25*x**2 - 46*x + 193. What is i(5)?
588
Let x(j) = -j**3 - 15*j**2 - 42*j - 1. Calculate x(-4).
-9
Let r(b) = -13*b**2 + 26*b + 54. What is r(-3)?
-141
Let l(c) = 375*c + 46122. Give l(-123).
-3
Let t(x) = -14*x**2 - 111*x + 12. Determine t(-8).
4
Let l(j) = -j**2 - 233*j + 1679. Give l(7).
-1
Let z(a) = -122*a + 189. Give z(3).
-177
Let v(j) = 492*j + 5406. Calculate v(-11).
-6
Let i(s) = -10*s**3 - 3*s**2 + 114*s - 232. Calculate i(2).
-96
Let g(l) = l**2 - 158*l + 1782. Calculate g(12).
30
Let x(l) = -l**3 + 17*l**2 + 7*l - 60. Determine x(17).
59
Let s(y) = 3*y**3 + 127*y**2 - 162*y - 3269. Determine s(-43).
-1
Let k(u) = -21*u + 255. Calculate k(21).
-186
Let g(q) = 2*q**3 - 6*q**2 + 26*q - 164. Give g(5).
66
Let b(t) = t**3 - 7*t**2 + 41*t - 172. What is b(5)?
-17
Let j(g) = -259*g - 519. Calculate j(-2).
-1
Let m(v) = 251*v - 11040. What is m(44)?
4
Let h(t) = -4*t**2 + 120*t + 29. Calculate h(30).
29
Let z(p) = p**2 - 170*p + 3486. What is z(24)?
-18
Let a(c) = -113*c + 1845. What is a(16)?
37
Let q(v) = v**2 + 221*v + 4375. Determine q(-199).
-3
Let k(c) = -2*c**2 - 185*c + 560. Give k(3).
-13
Let g(o) = -2*o**3 - 25*o**2 - 6*o - 15. Calculate g(-13).
232
Let x(r) = -10*r + 63. Calculate x(14).
-77
Let g(p) = 2*p**2 + 190*p + 1096. What is g(-6)?
28
Let w(f) = -2*f**3 - 22*f**2 - 27*f - 129. Calculate w(-10).
-59
Let m(u) = 3*u**3 + 64*u**2 + 84*u + 89. Calculate m(-20).
9
Let h(j) = 2*j**2 + 4*j + 13. What is h(9)?
211
Let l(w) = -w**2 + 103*w - 2306. Determine l(33).
4
Let g(x) = -7*x**2 - 45*x - 181. What is g(-4)?
-113
Let x(f) = -f**3 + 95*f**2 - 20*f + 1917. What is x(95)?
17
Let g(k) = -k**3 - 16*k**2 + 146*k + 29. Determine g(7).
-76
Let j(o) = -27*o + 482. Calculate j(17).
23
Let y(v) = 82*v - 21. Determine y(1).
61
Let z(v) = 2*v**2 - 2*v - 306. What is z(15)?
114
Let q(x) = 18*x**2 - 218*x + 21. What is q(12)?
-3
Let h(n) = 4*n**2 - 202*n + 198. Give h(49).
-96
Let b(f) = 163*f + 655. Give b(-4).
3
Let o(f) = -f**2 + 12*f - 32. Determine o(9).
-5
Let a(w) = w**3 - 247*w**2 - 2579*w - 16. Give a(-10).
74
Let s(h) = 5*h**3 + 21*h**2 + 9*h + 6. Determine s(-4).
-14
Let k(c) = 3*c**3 + 74*c**2 + 23*c - 572. Give k(-24).
28
Let f(z) = -56*z - 736. Calculate f(-13).
-8
Let p(i) = 1195*i - 4774. Give p(4).
6
Let v(j) = j**2 + 74*j + 1003. What is v(-56)?
-5
Let y(f) = f**3 + 87*f**2 + 320*f - 994. Calculate y(-83).
2
Let i(r) = 5*r**2 - 27*r + 100. Give i(4).
72
Let i(y) = y**3 - 30*y**2 + 53*y + 46. Determine i(27).
-710
Let t(j) = -j**2 - 373*j + 2626. Determine t(7).
-34
Let l(j) = -2*j**2 - 5*j + 82. Give l(8).
-86
Let v(y) = -115*y + 48. Give v(7).
-757
Let t(x) = -2*x**3 + 36*x**2 - 34*x - 68. Determine t(17).
-68
Let s(n) = -6*n + 41. Give s(10).
-19
Let q(m) = 2*m**3 + m**2 + 2*m - 133. Determine q(0).
-133
Let u(y) = 27*y**2 + 2191*y + 41. Calculate u(-81).
-283
Let x(y) = 62*y - 8056. What is x(130)?
4
Let c(w) = -4*w**2 + 780*w - 3815. Determine c(5).
-15
Let k(g) = -4*g**2 - 117*g - 685. Give k(-20).
55
Let i(j) = -2*j**2 + 23*j + 78. Give i(-5).
-87
Let x(p) = 2*p**2 - 58*p + 377. Calculate x(13).
-39
Let n(p) = p**3 - 28*p**2 - 52*p - 230. Give n(30).
10
Let l(f) = -4*f**2 - 124*f + 178. Calculate l(-32).
50
Let t(v) = -v**3 + 19*v**2 + 113*v + 155. Determine t(24).
-13
Let r(s) = 18*s**2 - 371*s + 22. Give r(20).
-198
Let u(f) = 10*f**3 + 510*f**2 + f + 42. Determine u(-51).
-9
Let j(r) = r**2 - 15*r + 43. Calculate j(8).
-13
Let l(r) = -5*r**2 - r. Give l(-4).
-76
Let v(t) = -207*t - 779. Calculate v(-4).
49
Let y(b) = -3*b**2 + 83*b + 12. Give y(27).
66
Let j(l) = 3*l**2 + 210*l - 448. Calculate j(-72).
-16
Let w(k) = 85*k - 1444. What is w(17)?
1
Let w(k) = -2*k**2 + 48*k + 343. Calculate w(-7).
-91
Let s(z) = 126*z + 635. Determine s(-4).
131
Let s(h) = 3*h**2 + 167*h + 2329. What is s(-28)?
5
Let b(m) = 19*m**3 + 4*m**2 - 4*m - 9. What is b(0)?
-9
Let w(q) = q**2 - 33*q + 106. Calculate w(5).
-34
Let j(i) = 133*i**2 + 53*i + 104. Give j(-2).
530
Let r(o) = -2*o**2 + 27*o + 166. Calculate r(19).
-43
Let l(w) = 35*w**2 + 317*w + 33. Determine l(-9).
15
Let n(f) = 41*f + 236. Calculate n(-5).
31
Let g(o) = 2*o**3 + 5*o - 23. What is g(0)?
-23
Let b(x) = -36*x**3 + 650*x**2 - 40*x + 73. Calculate b(18).
1
Let r(w) = 173*w - 678. Give r(4).
14
Let y(s) = -71*s + 9088. Determine y(128).
0
Let h(v) = 3*v**3 + 15*v**2 + 7*v + 63. What is h(-7)?
-280
Let f(b) = 19*b + 238. Give f(-18).
-104
Let c(r) = -5*r**2 + 102*r + 40. Give c(21).
-23
Let u(v) = 135*v - 7959. Calculate u(59).
6
Let m(l) = -756*l - 3017. Calculate m(-4).
7
Let j(l) = 18*l**2 + 101*l + 53. Give j(-5).
-2
Let f(w) = 65*w + 1274. Calculate f(-18).
104
Let k(s) = 2*s